= -22 - -25. Suppose -4*a = -2*y, -5*a + 30 = c*y + 8. Let s be 2 + (-3 - (0 - 29)). Calculate the highest common factor of s and y.
4
Let u be 1885/125 + (-2)/25. Calculate the greatest common divisor of 105 and u.
15
Suppose 8*d = 22*d - 1638. What is the highest common factor of 13 and d?
13
Let k(l) be the third derivative of -l**5/60 - l**4/12 + 7*l**3/6 + 11*l**2. Let d be k(0). What is the highest common factor of d and 77?
7
Let o = 174 - 120. Let z(l) be the second derivative of 3*l**3/2 + 24*l. Let q be z(2). Calculate the greatest common divisor of o and q.
18
Suppose 0 = -2*l + 1068 - 308. Calculate the highest common divisor of l and 228.
76
Let l(y) = -10*y - 8. Let r be l(-4). Calculate the greatest common factor of 16 and r.
16
Let d be ((-36)/(-8))/((12/8)/3). Suppose -d*x + 3*x = -156. What is the highest common factor of 26 and x?
26
Suppose 3870 = 26*z + 4*z. What is the highest common factor of 1677 and z?
129
Suppose -b + 3*s + 29 = 0, -2*b - 4*s + 38 = -6*s. What is the highest common divisor of b and 175?
7
Let u(s) = 13*s - 85. Let j be u(7). Let m = -36 + 57. What is the highest common factor of j and m?
3
Let o = -181 - -287. Calculate the highest common factor of 318 and o.
106
Let j be (1 - -1) + 545*4/20. What is the highest common factor of j and 148?
37
Let f be 320/(-50) + (-4)/(-10). Let g be ((-3)/(-1))/(f/(-146)). Suppose 8*z - 39 = g. Calculate the greatest common factor of 21 and z.
7
Let b = -19 + 24. Suppose -4*r = r + 2*w - 165, 0 = -b*r - w + 170. What is the greatest common factor of 7 and r?
7
Let n be (1584/720)/((-2)/(-70)). Calculate the greatest common divisor of n and 209.
11
Let n be ((-24)/(-8))/((-54)/(-180)). Suppose -3*b = -3*u + 75, -u = -6*u - b + 125. Calculate the highest common divisor of u and n.
5
Suppose -5*r - 150 = -11*r. What is the highest common divisor of 160 and r?
5
Let c(m) be the first derivative of 5*m**2/2 - 22*m + 29. Let o be c(10). Calculate the highest common divisor of o and 252.
28
Suppose -13*k + 33 + 6 = 0. Suppose k*y = 7*y - 24. Calculate the highest common divisor of 12 and y.
6
Suppose -604*c = -590*c - 1050. Calculate the greatest common factor of 15 and c.
15
Let v = 15 + -10. Let d(i) = -5*i + 3 + 0*i - v*i. Let f be d(-3). Calculate the highest common divisor of 22 and f.
11
Suppose 299*u - 153 = 296*u. What is the greatest common divisor of u and 6?
3
Let h(k) = k**2 - 61*k - 173. Let u be h(-3). Calculate the highest common factor of u and 703.
19
Suppose 531 = 4*j + w, 5*j + 4*w - 651 = 7*w. Calculate the greatest common divisor of 198 and j.
66
Let w = -14 + 50. Let j = -24 + 33. What is the highest common divisor of j and w?
9
Let v be (-10)/(-3)*(-75)/(-2). Suppose 0 = -12*q + 9 + 51. Suppose -2*i - 94 - 56 = -q*a, -5*a - 3*i = -v. Calculate the highest common factor of a and 140.
28
Suppose -3*m - 4*i + 66 = i, -m + i = -14. Suppose 8 = 5*g - m. Let l be g/((-5)/4) - -10. What is the highest common factor of l and 6?
6
Suppose -4*i - 3*v + 45 = -0*i, 0 = 5*i - 4*v - 64. What is the greatest common factor of i and 48?
12
Let d(i) = i**3 + i - 55. Let x be d(0). Let g be (x/4)/((-3)/24). Let q be 2 + -2 + 5 + 17. What is the highest common factor of g and q?
22
Let w be 18/(-27) + (856/6)/1. Let r = w + -97. Calculate the highest common factor of 10 and r.
5
Let u be (1 - -2) + 27 + 0. Suppose u = -3*c + 6*c. Calculate the greatest common factor of c and 110.
10
Let b be 1379 - (-12 + 11)/(2/(-6)). Calculate the highest common divisor of b and 32.
32
Suppose 2*c + 4 = 0, -3*m + 0*m = 3*c - 21. Suppose -m*n - 96 = -3*n. Let s be (-252)/n + (-1)/(-4). Calculate the highest common divisor of 176 and s.
16
Let h(s) = -s + 2*s**3 + 22*s**2 - 15*s**2 - 3*s**2 + 6 - 9*s**2. Suppose 0 = -2*o + 9 + 3. Let m be h(o). Calculate the highest common factor of 28 and m.
28
Suppose 0 = -272*d + 279*d - 56. Let q be -108*((-8)/3 + 2). Calculate the highest common factor of d and q.
8
Suppose 0 = 5*s + j - 101, s - 64 = -2*s - 4*j. Let l = -11254 - -11314. Calculate the greatest common factor of s and l.
20
Let c = 4261 - 8104. Suppose -101 = y + g, y - 2*g + 91 = 2*g. Let n be (-2)/(-11) + c/y. What is the highest common factor of n and 13?
13
Suppose 3*q - 166 = -5*n, 138 = 4*n - 3*q + 8*q. Suppose -12*t + 2798 = -274. Calculate the greatest common factor of n and t.
32
Let l(w) = 3*w**2 - 2*w + 50. Let v be l(16). What is the highest common factor of 6 and v?
6
Suppose -117 + 12 - 135 = -12*x. Let s(t) = -t**3 + 5*t**2 + 6*t. Let l be 24/(-5) + (-1)/5. Let d be s(l). Calculate the highest common divisor of x and d.
20
Suppose 0 = 18*l - 15*l - 60. Let t = l + -17. Suppose -4*o - 13 = -7*o + b, 31 = 5*o - 4*b. What is the highest common factor of o and t?
3
Let d(u) = 26 + 3*u**2 + 10 + 13*u - 9 - u. Let z be d(-5). Let b = 5 + 9. What is the greatest common factor of b and z?
14
Let x = -138 + 306. Calculate the highest common factor of 56 and x.
56
Suppose 0 = -5*t + 45. Let i = 30 + -12. What is the highest common divisor of i and t?
9
Let s = -6 + 8. Let d = 2 + s. Let l be (56/d)/((-2)/(-1)). Calculate the greatest common factor of 14 and l.
7
Suppose 394 = 9*n - 164. Suppose -c - 4*c + 145 = 2*x, -2*x = -4*c + 134. What is the highest common divisor of c and n?
31
Suppose -y = -0*y - 10. Suppose -3*x = 2*x - y. Suppose 0 = -x*s + 3*s - 16. What is the highest common divisor of 144 and s?
16
Let p = -220 - -266. What is the greatest common factor of p and 207?
23
Suppose -3*b - 3*k = -8*b + 1179, k + 237 = b. Calculate the highest common factor of b and 78.
78
Suppose -2 - 8 = -5*o. Let n(s) = -4*s + 2*s**o - 5*s + 5*s - 7*s + 2. Let u be n(8). What is the greatest common divisor of u and 168?
42
Let j(y) = 4 + 3*y + 0*y + 1 - 1. Let n be ((-84)/8)/(-7)*2. Let c be j(n). Calculate the greatest common factor of c and 13.
13
Let o(i) = -8*i - 12. Let q be o(-2). Let r(f) = 21*f + 4. Let v be r(q). Suppose -3*p + p + 44 = 0. Calculate the greatest common divisor of v and p.
22
Let r(v) = -2*v**3 - 9*v - 17. Let l be r(-2). What is the greatest common factor of 17 and l?
17
Let b = 2463 + -2400. Let a(k) = -k**2 + 5*k + 8. Let w be a(7). Let v be (0 + 1)/1 - w. What is the highest common divisor of b and v?
7
Suppose 4*j - 192 = -0*j. Let s be (-7)/(35/15)*-8. What is the highest common factor of s and j?
24
Let c(a) = 11*a**3 + 120*a**2 - 11*a + 4. Let b be c(-11). What is the greatest common factor of b and 3?
1
Let x be 4 - (-4)/4 - (2 + -13). Suppose -5*a + 463 = 4*s, s + 3*a - 569 = -4*s. Calculate the highest common divisor of s and x.
16
Suppose 0 = -w - q + 762, 0 = 5*w - 11*q + 6*q - 3810. Calculate the greatest common factor of w and 6.
6
Let c = 15 + -3. What is the highest common divisor of 12 and c?
12
Let p be (-4)/(-3)*24/16. Suppose -3*n = -x - 35, 4*n + 0*x + p*x = 60. What is the highest common factor of 39 and n?
13
Let w be ((-3)/6)/(((-14)/(-360))/(-7)). Calculate the greatest common factor of 198 and w.
18
Let y(v) = -v**3 + 51*v**2 - 27*v + 108. Let t be y(50). Calculate the greatest common factor of t and 17.
17
Suppose -46*z + 38*z + 1848 = 0. What is the greatest common divisor of 42 and z?
21
Let f(v) = -16*v - 36 + 22*v**2 - 49*v**2 + 26*v**2. Let u be f(-8). What is the highest common divisor of 196 and u?
28
Let u be 132/30 + -5 - 53/(-5). Suppose u*l + 135 = 11*l. Calculate the highest common factor of 45 and l.
45
Let c be 0 + 1 - 4/((-4)/375). Calculate the greatest common divisor of c and 8.
8
Suppose 9*l = 8*l - 22. Let h = l + 36. Let m be 112*((-6)/(-4) + -1). Calculate the highest common factor of m and h.
14
Let o = 1937 + -1133. What is the highest common divisor of o and 12?
12
Suppose 3*g + 4*g + 3*c = 562, 4*g + 5*c = 308. What is the highest common factor of 14 and g?
2
Let b = -210 + 496. Suppose b = a + 30. Suppose 3*w - a + 76 = 0. Calculate the highest common factor of w and 20.
20
Let u(m) = m**3 - 37*m**2 - 34*m + 46. Let v be u(38). Calculate the greatest common factor of v and 264.
66
Let r(a) = -a**2 - 4*a - 5. Let i be r(-5). Suppose -8*n + 384 = 1320. Let w be n/(-5) + 4/i. What is the highest common divisor of w and 23?
23
Let l be (-6)/(5/(80/(-12))). Let f(n) = 9*n - 3. Let x be f(l). Let r be -12*(x/(-